3*p + z, 2*l + 5*p + 6 = -l. What is the greatest common divisor of 6 and l?
3
Let u(w) = w. Let r be u(4). Suppose 5*h - 119 = -4*d - 0*d, -d - r = 0. Calculate the greatest common divisor of h and 18.
9
Suppose -4*o + 15 = u, 5*o + 3*u - 16 = -u. Let h be 1 + (-2 + -14)/(-2). Let c be (1*h)/(6/8). What is the highest common divisor of o and c?
4
Let o(q) = -q**2 - 12*q + 10. Let r be o(-7). What is the greatest common divisor of 18 and r?
9
Let j = -21 - -23. Suppose -2*a + 66 = j*c, -2*c - 4*a = -5*a - 57. Calculate the highest common factor of 20 and c.
10
Suppose 5*f = 41 + 9. Let t be (55/165)/(1/12). Calculate the greatest common factor of f and t.
2
Suppose -4*n + 8*n - 80 = 0. Calculate the highest common factor of 5 and n.
5
Suppose 3*f - 2*s - 1620 = 0, -f - 2*s - s = -540. Suppose 0 = 6*a - 3*a - f. What is the greatest common factor of 20 and a?
20
Let o = 21 + -6. Let z be (10/(-15))/(-2*(-3)/(-540)). Calculate the highest common factor of o and z.
15
Let y(r) = r**2 + r - 8. Suppose 0 = -3*s - 3*s - 24. Let m be y(s). What is the greatest common factor of 8 and m?
4
Let o(h) = -h**3 - 10*h**2 - 3*h + 10. Let a be o(-10). Calculate the highest common factor of 400 and a.
40
Suppose -16*o + 455 + 105 = 0. Let p = 12 + 2. What is the highest common factor of p and o?
7
Let z = 7 - 18. Let a(h) = h**2 + 11*h + 12. Let g be a(z). Suppose 3*d - 7*d = 3*k - 348, -5*d - 4*k + 436 = 0. What is the greatest common factor of d and g?
12
Let z(i) = i**2 - 3*i - 3. Let a be z(-3). Suppose -c + 27 + 3 = 0. Calculate the greatest common factor of a and c.
15
Let p = -11 + 21. What is the highest common divisor of p and 40?
10
Let k be ((-52)/6)/(42/315). Let h = k + 173. Calculate the greatest common divisor of h and 12.
12
Suppose -2*b - 3*q = -138, -4 = 2*q - 4*q. What is the greatest common divisor of b and 6?
6
Suppose -4*y = -38 + 10. Let x = -34 + 55. Calculate the highest common factor of x and y.
7
Suppose -q = -12 - 8. Let w(c) = c - 4. Let o be w(-6). Let d = 18 + o. What is the greatest common factor of d and q?
4
Suppose 0 = 3*t - 0*z - 4*z - 13, 0 = 5*t - 3*z - 18. Let j be (2/(-4))/(1/(-10)). Let x = -2 + j. What is the highest common divisor of x and t?
3
Let n(y) = y**3 - y**2 + y + 27. Let v be n(0). Calculate the highest common divisor of 27 and v.
27
Suppose -47 = -3*y + 16. Calculate the greatest common divisor of 168 and y.
21
Suppose -2*x = -0*x + 3*z - 334, 0 = 4*x + 5*z - 670. Let i = x + -106. Calculate the greatest common factor of 8 and i.
8
Let q be 2 - 3/((-6)/16). Let l = q - 4. Calculate the greatest common divisor of 66 and l.
6
Suppose 0 = -3*u + u + 40. Suppose -5*j + 703 = 3*w, 3*w + 756 - 199 = 4*j. What is the greatest common factor of j and u?
20
Suppose -270 = g - 4*g. Let l be (1 - 5) + 320/8. Calculate the greatest common factor of g and l.
18
Let s(c) = c**2 - 2*c + 1. Let l be 4 + -3 + -3 - -5. Let h be s(l). Suppose 0 = h*v - 9*v + 50. What is the greatest common factor of v and 20?
10
Suppose 2*j + y = 17, -2*j = 5*y - 0 - 21. Calculate the greatest common divisor of 32 and j.
8
Let c be ((-6)/(-5))/((-6)/(-20)). Suppose 0*w + c*w = -48. Let o be (14/(-6))/(1/w). Calculate the greatest common factor of o and 70.
14
Suppose 9*o + 0*o - 45 = 0. What is the greatest common factor of o and 5?
5
Let c = -29 - -8. Let t = c - -39. Calculate the greatest common divisor of 6 and t.
6
Let o = 4 + -5. Let h be 18 - o/2*-4. Suppose k + h = 3*k. Calculate the highest common divisor of 20 and k.
4
Let w = -13 - -19. What is the highest common divisor of 6 and w?
6
Suppose -7*x + 6*x = -222. Suppose 4*h - 442 = -5*z, h + 3*z - x = -h. Let t = 26 - 8. Calculate the highest common divisor of h and t.
18
Let n = -13 - -43. Calculate the highest common factor of 10 and n.
10
Suppose 0 = -12*k + 11*k + 301. What is the greatest common divisor of k and 43?
43
Suppose 3*f = f + 6. Let n(k) = 8*k - f*k + 0 + 6 + k**2. Let h be n(-5). What is the highest common factor of 3 and h?
3
Let a(f) = -3*f**2 + 34*f + 1. Let w be a(11). Let u be (1/(-3))/((-1)/(-3)). Let m be 50/6 + u/3. What is the highest common divisor of w and m?
4
Suppose -s + 3*i = -20, i - 48 = -5*s + 3*i. Calculate the highest common factor of 88 and s.
8
Let i be -22*-1*(-3)/(-6). Let h be -31 + 2 - 2/(-2). Let f = 39 + h. Calculate the highest common factor of i and f.
11
Let f(d) be the third derivative of d**5/60 + d**4/8 - d**3/3 + d**2. Let t be f(5). Calculate the highest common divisor of t and 19.
19
Let l(q) = q**2 - 5*q - 3. Let t be l(6). Suppose -5*y + 33 = t*k, -77 = -5*k - 2*y + y. What is the greatest common divisor of 32 and k?
16
Let i = -7 - -5. Let c be 2*i*30/(-8). Suppose 2*y + 0*y = 2*r + 24, -r - 27 = -2*y. What is the highest common factor of c and y?
15
Let x(i) = -i**3 + 8*i**2 - 10*i + 2. Let k be x(5). Calculate the greatest common factor of k and 3.
3
Let a(x) = x - 12. Let h be a(17). Calculate the greatest common factor of h and 40.
5
Suppose y = 3*g - 4, -5*y + 8 + 14 = -g. Let x be (-1)/(0 - 3/6). Suppose -3*l = l + x*p + 4, -2*l + 10 = -2*p. Calculate the greatest common factor of g and l.
1
Suppose 3*n = -2 - 4. Let r = 14 + n. Let t = 240 + -108. What is the greatest common divisor of r and t?
12
Let t(z) = -29*z + 2. Let g be t(-2). What is the highest common divisor of 12 and g?
12
Suppose -2*y + 6 - 3 = i, 3*y - 7 = -2*i. What is the highest common divisor of 45 and i?
5
Let w(x) be the first derivative of -x**2 + 19*x - 5. Let f be w(8). What is the greatest common factor of 15 and f?
3
Let l be (1 + -1 - -1)*5. Suppose 0 = r - 4*s - 14, 0 = -3*r - 2*r - 5*s - l. Let c be -3*(-1 + 33/(-9)). Calculate the greatest common divisor of r and c.
2
Let q(a) = -a**3 + 5*a**2 - 4*a + 3. Let f be q(4). What is the greatest common factor of 21 and f?
3
Let f be -3*4/(-6) - 0. Let n be f/(0 - 2) - -2. Suppose -2*o + 28 = 3*c - n, -3*c + 59 = -4*o. Calculate the greatest common factor of c and 13.
13
Let w = 29 + -47. Let v = w + 29. Suppose 0 = -3*m + v + 49. Calculate the highest common divisor of 220 and m.
20
Let t(w) = -w**2 + 6*w - 4. Let q be t(4). Let u be (-8)/(-28) + (-24)/(-14). Calculate the greatest common divisor of q and u.
2
Let v = -81 + 191. Calculate the highest common divisor of v and 10.
10
Suppose -12 = -11*v + 10. Calculate the highest common divisor of 12 and v.
2
Let b = -44 + 47. What is the highest common divisor of 21 and b?
3
Let t(d) = -2*d - 3. Let h be t(-5). Let r(k) = k + 4. Let b be r(h). What is the highest common factor of 33 and b?
11
Let d(j) = -j**3 + 4*j**2 - 4. Let n be d(3). Let z = 53 - n. Suppose x + 5*l = 28, 5*x - 2*x - 2*l = 16. What is the greatest common factor of z and x?
8
Let k(v) = -v**3 - 8*v**2 + 14*v + 8. Let i be k(-10). What is the greatest common divisor of 34 and i?
34
Suppose -123 = -4*m + 309. What is the highest common factor of m and 12?
12
Suppose -o = 4*o - 55. Calculate the highest common divisor of 1 and o.
1
Suppose 0 = -4*z + 11 - 3. Suppose 3*n + 3*q = q + 4, -q = -5*n + 11. Calculate the greatest common divisor of n and z.
2
Let d be (-222)/(-42) + (-4)/14. Suppose -4*z - 3*i = -684 - d, 3*z - 513 = -3*i. What is the greatest common divisor of z and 16?
16
Let d be 2/(-4)*(-1)/(3/12). Suppose 5*x + 11 = -24. Let u = d - x. Calculate the highest common divisor of u and 18.
9
Let p(q) = -q**3 - 3*q**2 + 2*q - 3. Let w be p(-4). Let j = -21 + 59. Suppose -163 = -5*g - j. What is the highest common factor of w and g?
5
Suppose -4*y - 42 = -u, -4*u - y = -4*y - 103. Calculate the highest common divisor of u and 176.
22
Let j = 13 + 37. Let i = 109 - 34. What is the greatest common divisor of j and i?
25
Let o(r) = -11*r**3 + 3*r + 2. Let q be o(-1). Calculate the highest common factor of 80 and q.
10
Let a = -13 + 8. Let f(i) = -4*i - 2. Let l be f(a). Let u = 30 - l. What is the greatest common factor of 96 and u?
12
Let m(l) = -l**2 + 14*l + 42. Let i be m(13). What is the greatest common factor of 22 and i?
11
Suppose z + 3*z = 12. Let v be 3*(-14)/(4/(-2)). Calculate the greatest common factor of z and v.
3
Let y = -2 + 7. Let h = -691 + 711. What is the highest common divisor of h and y?
5
Let f(t) = -6*t - 26. Let s be f(-7). What is the highest commo